6. Determine z(-3).
-9
Let o be 249/12 - ((-820)/80 + 10). Let v(c) = c**2 - 18*c - 84. What is v(o)?
-21
Let p = 18 + -23. Let s(z) = z + 1. Let o(k) = 7*k + 15. Let w(f) = -2*f - 4. Let j(g) = -6*o(g) - 22*w(g). Let l(t) = j(t) - 5*s(t). Determine l(p).
8
Suppose -v + 4*v = 18. Let p(k) = -k**3 + 7*k**2 - 5*k - 7. Let f(u) = -u**3 + 15*u**2 - 11*u - 15. Let y(i) = v*f(i) - 13*p(i). Determine y(1).
6
Let h(j) be the first derivative of 19*j**2/2 - 123*j - 1252. Give h(7).
10
Let c(i) = -325*i + 330. Let j be c(1). Let g(r) be the second derivative of 22*r + 0*r**2 + 1/20*r**j + 5/12*r**4 + 0 + 0*r**3. What is g(-5)?
0
Let t(w) = -w**3 + w**2 - 10*w + 23. Let r be t(0). Let b(x) = x + 54. Determine b(r).
77
Let w(d) = 29*d + 83. Let a be (-148)/259 - ((-5)/35)/((-3)/72). Give w(a).
-33
Let d = -1 + 26. Suppose 5*m - 5 = d. Let h(q) = -2*q + 10. Let b(i) = -2*i + 11. Let k(f) = -3*b(f) + 4*h(f). Determine k(m).
-5
Let k(f) = -6*f - 36. Let a be k(-6). Suppose a = -4*j + 5 - 1. Let y(z) = -1. Let o(m) = -m**3 - 8*m**2 + 10*m + 9. Let u(g) = j*y(g) - o(g). Calculate u(-9).
-1
Let p(b) be the second derivative of b**4/12 + b**3/6 - 21*b**2 - 1482*b. Calculate p(5).
-12
Suppose 5*c + x = 27, -3*c - 3*x = 4 - 25. Suppose -4*m = c*f - 18, -5 = -5*m - 4*f + 22. Let h be (-2)/m + (-12)/(-42). Let y(g) = g**3 + g**2 - 23. Give y(h).
-23
Suppose 190*g = 151*g + 234. Let d(r) = -r**2 + 14*r + 5. What is d(g)?
53
Let o(h) = 8148*h + 8160*h - 188 - 16300*h. Give o(23).
-4
Let i(d) = -d**2 - 7*d - 4. Let z be i(-6). Let p(a) = 6 - 1 - a**3 - 2 + z*a + 3*a**2. Let v be (-6 + 1)*1 + -54 + 62. Calculate p(v).
9
Let a = 17 - -16. Let q be (a/(-44))/((-1)/28). Let l(s) = -7 - 9*s**2 + 7 - 22*s + q*s. What is l(1)?
-10
Let w(c) be the second derivative of c**3/6 - c**2 + 4*c. Suppose -4*v = a - 14, -34*v + 24 = 5*a - 37*v. Determine w(a).
4
Let t = 5120 + -5082. Let k(w) = -w**3 + 43*w**2 - 191*w + 36. Calculate k(t).
-2
Let k(g) = -4*g**2 - g. Let c(s) = 5*s**2 - 12*s - 1. Let q(f) = -f**2. Let p(j) = c(j) + 4*q(j). Let v be p(0). Calculate k(v).
-3
Let k(w) = w**3 + 8*w**2 + 10*w + 10. Let i(t) = 490*t + 2443. Let r be i(-5). Determine k(r).
-11
Let k = 33 - 22. Suppose -k*j + 73 = -15. Suppose -3*u + 17 = j. Let m(n) = n**3 - 2*n**2 - 3*n + 2. Give m(u).
2
Let k(d) = -115*d**3 + 17*d**2 + 90*d**3 + 26*d**3 - 13*d + 31. Calculate k(-18).
-59
Let o(l) be the second derivative of -31*l + 0 + 1/20*l**5 + 4/3*l**3 + 7/12*l**4 + 9/2*l**2. What is o(-6)?
-3
Let y(h) = 237 + 32*h**2 - 40*h**2 + h**3 - 241. Determine y(8).
-4
Let z(g) be the first derivative of -3*g**2 - 5*g + 2*g**2 + 157 + 83 - 20. Suppose -3 - 18 = 3*f. Calculate z(f).
9
Let y(n) = 6*n - 390. Let x(m) = -2*m + 121. Let i(p) = -7*x(p) - 2*y(p). Give i(23).
-21
Let v(w) = w**2 - 2*w - 2. Suppose 4*u - 36 = -12. Suppose -8*d = -u*d + 18. Let b be d/12*140/(-21). Give v(b).
13
Suppose 0 = -189*s - 222*s + 11508. Let w(i) = i**2 - 27*i - 43. Give w(s).
-15
Let i(l) be the first derivative of -l**2 - l - 639. Suppose 0*v + 5*v + 5*z = 10, 0 = -2*v + 3*z + 19. Calculate i(v).
-11
Let d(m) = -20*m + 14. Let x(i) = -4*i + 3. Let l(q) = -2*d(q) + 11*x(q). Let w(k) = -10*k**2 - 5*k + 3. Let o be w(2). Let r = -43 - o. Calculate l(r).
-11
Let j be (-208)/(-28) + 12/(-28). Suppose -j + 0 = -h. Let v(x) = 5 - 5 - x**2 + 8 + 5*x. What is v(h)?
-6
Let j be (-6)/15*4/6*-105. Let u(z) = -17 + 11*z - z**2 + j - 12. Calculate u(10).
9
Suppose -59 + 2 = -17*a - 363. Let f(h) be the first derivative of -h**4/4 - 17*h**3/3 + 19*h**2/2 + 20*h - 2. Determine f(a).
2
Let v be 10/(-4) - ((-435)/(-10))/(-29). Suppose r - 1 + 0 = 0. Let m(q) = -6*q**2 + q - r - q - q. Give m(v).
-6
Let z(y) be the first derivative of -1/3*y**3 + 5*y**2 - 5*y + 89. Determine z(7).
16
Let f(x) be the second derivative of -7*x**6/120 - x**5/60 + x**3/6 - 7*x**2 - 2*x - 72. Let i(o) be the first derivative of f(o). Determine i(1).
-7
Suppose 25 = -5*d, 0*d + 159 = 4*r + 5*d. Let l(w) = w + r - 33 + 2*w - 5*w. Let v be 9 + 3 + (-3)/1. What is l(v)?
-5
Let p(q) be the first derivative of -q**4/4 - 10*q**3/3 - 3*q**2 - 24*q + 7466. Give p(-10).
36
Let g(y) = 49*y - 25. Let t(x) = 83*x - 50. Let r(q) = -5*g(q) + 3*t(q). Calculate r(7).
3
Let d = 33 - 31. Let b(p) = 51 + 2*p**d - 8*p - p**2 - 46. Suppose 5*j - 4 - 36 = 0. Calculate b(j).
5
Let v = 15 + -20. Let j = v + 2. Let t(r) = -6*r**3 - 3*r**2 + 5*r - 3. Let u(n) = -5*n**3 - 3*n**2 + 4*n - 2. Let b(w) = -4*t(w) + 5*u(w). What is b(j)?
2
Let v(u) be the first derivative of u**3/3 - 9*u**2/2 - 9*u + 63. Let x be 5*(-5)/(-50)*22. Determine v(x).
13
Let l(f) = -7*f**2 - 13*f - 17. Let c(y) = 2*y**2 + y + 1. Let i(x) = 3*c(x) + l(x). Calculate i(-8).
2
Let z = 322 - 326. Suppose 2*y - 5*s + 10 = 0, 2*y - y + 4*s - 8 = 0. Let p(f) = y*f - 6*f + 3*f. What is p(z)?
12
Suppose -4*t - 9 = -13. Let u(m) = 5*m**3 + m**2 + 2*m - 1. Let q be u(t). Suppose 11*j = 4*j - q. Let n(a) = -8*a**2 + 1. Calculate n(j).
-7
Suppose x + 28 = 5*x. Let f(v) be the third derivative of -v**6/120 + 2*v**5/15 - v**4/4 + 7*v**3/6 + 73*v**2 - 2*v - 9. Determine f(x).
14
Let s(x) = 3*x**3 - 20*x**2 + 54*x + 41. Let i(h) = -h**3 + 7*h**2 - 19*h - 14. Let m(v) = -17*i(v) - 6*s(v). Give m(0).
-8
Let p(k) = -7*k**2 - 5*k - 13. Let t(i) = -3*i**2 - 3*i - 6. Let f(z) = 2*p(z) - 5*t(z). Calculate f(-6).
10
Let c(j) = -2*j**2 + 7*j - 3. Suppose -260*y + 4*i + 30 = -258*y, 3*y + 3*i = 9. What is c(y)?
-52
Let i(k) be the first derivative of 6 + 1/360*k**6 + 0*k**2 + 1/6*k**4 - 1/20*k**5 + 32/3*k**3 + 0*k. Let b(t) be the third derivative of i(t). What is b(4)?
-4
Let o(x) = 2*x**2 + 12*x + 1. Suppose -3*k + 36 = 3*u - 0, -4*k = -u - 28. Let j be (2/k)/((-5)/100). What is o(j)?
-9
Let y(p) be the first derivative of -29*p**4/4 + p**2 - p - 1. Let b be (-2 + 1)*((-8)/(-36))/((-124)/558). Give y(b).
-28
Let i(o) = 21*o + 58*o + 19*o - 27*o - 18*o**2 + 44 + 20*o**2. Determine i(-35).
9
Let p(w) = -w**2 - 3*w + 8. Let l = 873 - 877. Calculate p(l).
4
Let a(b) be the third derivative of b**4/12 + 14*b**3/3 + 2532*b**2. Calculate a(-25).
-22
Let k(u) = u. Let z be (65/10)/13*2. Let o(w) = 12*w + 24. Let n(d) = z*o(d) - 10*k(d). Calculate n(-9).
6
Let o(t) = -t. Let h(f) = 2*f**3 + 123*f**2 + 179*f - 70. Let c be h(-60). Give o(c).
10
Let t(u) = 18*u + 2. Suppose -19*m + m - 9612 = 0. Let f = m - -536. What is t(f)?
38
Let u(m) = -m**3 + m**2 + 77. Let f(d) = 2*d**2 + 21*d - 50. Let q be f(2). Give u(q).
77
Let i(n) be the second derivative of n**5/20 - 7*n**4/12 - 5*n**3/3 + 9*n**2/2 + 6550*n. Determine i(6).
-87
Suppose -4 = 2*p, -193*x + 188*x + 3*p - 109 = 0. Let q(o) = o + 3. What is q(x)?
-20
Let n(r) be the second derivative of 3*r**4/8 + r**3/2 + 19*r**2 - 2*r + 27. Let p(h) be the first derivative of n(h). Calculate p(3).
30
Let c(g) = 8*g - 12*g**2 + 16 - 2 - 208*g**3 + 209*g**3. What is c(10)?
-106
Let b = 1313 + -1325. Let v(k) = -3*k - 7. What is v(b)?
29
Let v(r) be the first derivative of 2*r**3/3 - 13*r**2/2 - 8*r - 1767. Determine v(7).
-1
Let k(u) be the third derivative of u**4/6 - u**3/3 - 3*u**2. Let m = -9653 - -9661. Give k(m).
30
Suppose 158*z = 70*z + 352. Let a(o) be the third derivative of -1/60*o**5 + 4*o - 2/3*o**3 - 1/3*o**z + 0 + o**2. What is a(-6)?
8
Let m(c) be the third derivative of -c**6/90 + c**4/24 - 9*c**3/2 - 119*c**2. Let z(x) be the first derivative of m(x). Calculate z(1).
-3
Suppose 366*l = 718*l - 369*l. Let w(c) = -c**3 - 13. What is w(l)?
-13
Let j = 25772 + -25757. Let a(m) = m**3 - 20*m**2 + 72*m + 50. Give a(j).
5
Let q(f) = f**2 - 249*f - 1793. Let d be q(-7). Let l(v) = 5*v**2 + v. Give l(d).
4
Let x(r) = r**3 - 4*r**2 - 5*r - 6. Suppose 6*a - 69 = -21. Suppose 0 = 3*w - a*w - 75. Let v = w + 20. Determine x(v).
-6
Let v(x) = -22*x**2 + 7*x - 6. Let t(i) be the third derivative of -i**5/30 + i**4/24 - i**3/6 - 20*i**2. Let g(a) = 6*t(a) - v(a). Calculate g(1).
9
Let v(q) be the third derivative of q**6/120 + q**5/10 + q**4/3 + q**3/2 - 29*q**2. Suppose 0 = -2*z + p - 15, 2*p + 5 = -3*z - 0*z. Calculate v(z).
-12
Let w(q) = q**2 - 14*q + 51. Suppose -225*a + 1285 + 515 = 0. What is w(a)?
3
Let o be -2 - (-7 + -7 + 13 - (2 + -4)). Let l(u) = u**2 - 19. What is l(o)?
-10
Let k(x) be the third de